12?
-11398
Convert 3f3a (base 16) to base 12.
944a
-34304 (base 6) to base 7
-20116
Convert 211 (base 5) to base 9.
62
Convert -11200 (base 3) to base 13.
-99
Convert 111110111110 (base 2) to base 6.
30354
Convert -4313 (base 6) to base 15.
-456
13542 (base 6) to base 2
100001100110
Convert -10011 (base 3) to base 12.
-71
3509 (base 13) to base 8
16425
Convert -37b (base 13) to base 3.
-211120
Convert 15033 (base 6) to base 8.
4535
Convert -41561 (base 7) to base 6.
-115215
6353 (base 8) to base 10
3307
53b4 (base 13) to base 4
2311313
1173 (base 9) to base 12
610
What is -100010100001 (base 2) in base 4?
-202201
-200102 (base 4) to base 10
-2066
146167 (base 8) to base 14
1510b
Convert -20077 (base 8) to base 5.
-231010
What is -31200 (base 7) in base 5?
-221034
-3b7 (base 15) to base 11
-700
-741 (base 13) to base 10
-1236
What is 212210 (base 3) in base 8?
1202
Convert -dcb (base 15) to base 4.
-300230
Convert 78 (base 14) to base 16.
6a
6955 (base 11) to base 5
243020
Convert -f0b (base 16) to base 8.
-7413
What is -1143 (base 11) in base 14?
-791
What is 130504 (base 8) in base 12?
22318
Convert 192 (base 15) to base 16.
16a
Convert -1001201220 (base 3) to base 16.
-51d5
Convert 35037 (base 8) to base 9.
22362
-acc (base 14) to base 6
-13524
Convert 233052 (base 6) to base 10.
20120
What is 4581 (base 13) in base 8?
23012
Convert 7025 (base 12) to base 2.
10111101011101
-6605 (base 11) to base 15
-28b2
-90bb (base 13) to base 4
-10313113
-340 (base 12) to base 15
-220
14a (base 15) to base 9
357
-110100110 (base 2) to base 11
-354
What is 10181 (base 12) in base 2?
101000111110001
Convert -618 (base 11) to base 2.
-1011101001
Convert 1001011000111001 (base 2) to base 9.
57670
What is -4c8e (base 15) in base 9?
-24358
What is 820 (base 9) in base 4?
22122
What is 2175 (base 11) in base 3?
10221010
-b51 (base 16) to base 3
-10222022
What is -221021202 (base 3) in base 10?
-18434
Convert -551 (base 6) to base 11.
-182
What is 649 (base 16) in base 2?
11001001001
Convert 3502 (base 16) to base 2.
11010100000010
Convert -13032 (base 5) to base 11.
-845
10333002 (base 4) to base 13
93a8
Convert -6e1 (base 15) to base 10.
-1561
-11110010 (base 2) to base 15
-112
Convert 225 (base 8) to base 7.
302
What is -1111000011110110 (base 2) in base 9?
-103550
28226 (base 11) to base 7
225126
Convert 1150 (base 12) to base 16.
78c
430252 (base 6) to base 5
2110341
What is 2132323 (base 5) in base 9?
55163
What is -120343 (base 9) in base 15?
-16703
What is -351 (base 6) in base 2?
-10001011
What is ece (base 16) in base 13?
1957
-17d (base 15) to base 7
-1000
What is 25121 (base 6) in base 13?
1903
What is -1110210211 (base 3) in base 8?
-70534
Convert -21605 (base 8) to base 16.
-2385
Convert -2c9b (base 16) to base 13.
-5275
Convert 220110100 (base 3) to base 6.
214313
-41 (base 12) to base 13
-3a
What is 2110 (base 6) in base 8?
732
What is 110000000011 (base 2) in base 12?
1943
What is 10032 (base 8) in base 13?
1b51
-85e2 (base 15) to base 13
-cb8a
Convert 1021222 (base 3) to base 9.
1258
Convert 14968 (base 14) to base 6.
1033132
-414 (base 6) to base 14
-b0
1033131 (base 4) to base 11
3903
47814 (base 9) to base 2
111110100001000
Convert -b7 (base 14) to base 15.
-ab
-103231 (base 4) to base 10
-1261
Convert 211341 (base 5) to base 7.
26455
Convert 101011100101010 (base 2) to base 7.
122025
What is 20649 (base 10) in base 7?
114126
Convert 424220 (base 5) to base 14.
5302
Convert 3043 (base 6) to base 13.
3cc
Convert aab3 (base 12) to base 2.
100100110100111
1692 (base 10) to base 6
11500
-2260 (base 7) to base 15
-3a1
18842 (base 9) to base 10
13079
Convert 213 (base 6) to base 5.
311
1635 (base 7) to base 16
297
-1017 (base 10) to base 5
-13032
Convert 15203 (base 6) to base 14.
c71
61763 (base 8) to base 13
b853
-1304131 (base 5) to base 4
-12033011
Convert -1401 (base 8) to base 9.
-1044
Convert -1001 (base 10) to base 4.
-33221
943 (base 12) to base 5
20342
Convert 757 (base 10) to base 16.
2f5
Convert -a00 (base 13) to base 8.
-3232
-1921 (base 12) to base 7
-11614
Convert -1840 (base 11) to base 2.
-100100100111
11200112 (base 3) to base 7
12650
What is 1267 (base 14) in base 7?
12260
Convert 321421 (base 5) to base 11.
8184
-35972 (base 11) to base 9
-77875
a2c (base 14) to base 15
8d5
What is 10111101011 (base 2) in base 12?
a63
What is -11100100110 (base 2) in base 6?
-12250
What is -11000010 (base 2) in base 16?
-c2
Convert 233350 (base 6) to base 2.
100111100000010
-1100100101 (base 2) to base 4
-30211
713 (base 11) to base 5
11421
-332 (base 12) to base 9
-572
What is 4bab (base 13) in base 3?
112210120
What is ab2 (base 13) in base 10?
1835
What is 103130 (base 5) in base 3?
11212010
Convert -411311 (base 5) to base 2.
-11010000010011
Convert 255 (base 10) to base 2.
11111111
What is -4d (base 15) in base 3?
-2201
-31a (base 13) to base 9
-648
Convert -1e39 (base 15) to base 13.
-2cc1
What is -2301 (base 5) in base 4?
-11012
What is -10000210 (base 3) in base 13?
-100b
Convert 3575 (base 10) to base 9.
4812
Convert 100101011110011 (base 2) to base 10.
19187
314 (base 13) to base 15
24e
Convert -47426 (base 9) to base 11.
-218a4
a3 (base 11) to base 14
81
15112 (base 11) to base 13
99a6
Convert -6012 (base 8) to base 12.
-194a
Convert -111001110010 (base 2) to base 14.
-14c2
2b61 (base 13) to base 14
2444
What is -37e (base 15) in base 2?
-1100011010
What is 7d4d (base 14) in base 12?
10769
What is -a81 (base 12) in base 9?
-2087
Convert -33202 (base 6) to base 4.
-1020002
What is 1b14 (base 13) in base 16?
fe9
1357 (base 10) to base 4
111031
-d51 (base 14) to base 4
-220323
Convert -110200111 (base 3) to base 11.
-6a47
-1012020110 (base 3) to base 7
-125343
Convert -c6d (base 16) to base 10.
-3181
Convert 583a (base 11) to base 10.
7666
What is -8983 (base 11) in base 15?
-3788
What is -8427 (base 12) in base 10?
-14431
What is 2002011211 (base 3) in base 11?
28851
Convert 120055 (base 6) to base 13.
4973
-c5 (base 16) to base 10
-197
Convert -30482 (base 12) to base 5.
-4003012
Convert 616 (base 7) to base 11.
25a
Convert 497 (base 11) to base 4.
21032
131212 (base 4) to base 11
1472
1196 (base 13) to base 9
3365
-1424 (base 7) to base 12
-3a5
What is -1025 (base 13) in base 7?
-6332
What is 121022 (base 5) in base 4?
1012200
-14212 (base 12) to base 16
-6d2e
Convert -23902 (base 10) to base 7.
-126454
-10211111 (base 3) to base 14
-1038
Convert 122324 (base 5) to base 3.
20110121
-3c3 (base 13) to base 5
-10131
Convert 704 (base 11) to base 9.
1145
What is 1022121 (base 3) in base 9?
1277
Convert 1100000101 (base 2) to base 16.
305
-3032 (base 4) to base 2
-11001110
572 (base 8) to base 7
1050
What is 1c47 (base 15) in base 14?
234a
21301 (base 4) to base 9
764
a83 (base 11) to base 5
20201
-100010020 (base 3) to base 12
-3a20
What is -335230 (base 7) in base 5?
-3400313
Convert 12020 (base 5) to base 8.
1565
Convert -202213 (base 6) to base 3.
-211001000
-18522 (base 9) to base 2
-11001000010010
-736 (base 8) to base 14
-262
What is 23202 (base 7) in base 15?
1b56
What is -2324 (base 8) in base 2?
-10011010100
Convert -24014 (base 7) to base 5.
-144220
-354 (base 6) to base 5
-1032
b45a (base 15) to base 6
452234
What is 3350 (base 8) in base 14?
904
Convert -1331313 (base 5) to base 7.
-141650
Convert 11211 (base 3) to base 14.
94
Convert 15 (base 9) to base 15.
e
What is 10203 (base 10) in base 3?
111222220
21031 (base 5) to base 12
97b
2000204 (base 5) to base 3
1120221102
Convert 20211 (base 3) to base 13.
112
Convert -12302 (base 4) to base 10.
-434
What is -24300 (base 5) in base 2?
-11100100001
What is 5261 (base 10) in base 6?
40205
Convert 597 (base 11) to base 16.
2c7
Convert -6242 (base 12) to base 15.
-328b
Convert -6a0 (base 12) to base 11.
-815
What is 93 (base 11) in base 6?
250
What is -a5ac (base 15) in base 14?
-caa9
-1420 (base 8) to base 6
-3344
1120133 (base 4) to base 9
7682
What is 2823 (base 9) in base 10?
2127
-1222210022 (base 3) to base 9
-58708
536 (base 11) to base 5
10034
What is 1012202001 (base 3) in base 11?
16a2a
What is 5020 (base 7) in base 3?
2101001
What is 2b2d (base 16) in base 7?
44140
-14c9 (base 15) to base 7
-16005
-120100021 (base 3) to base 16
-2bb1
-223362 (base 7) to base 3
-2000